) = 28*c - 220. Calculate the remainder when 372/(-18)*18/(-4) is divided by s(9).
29
Let f be (1 + 6 - -34)/(1/(-2)). Let g = f + 123. What is the remainder when 159 is divided by g?
36
Let t(c) = -c**3 - 8*c**2 - 14*c - 6. What is the remainder when 59 is divided by t(-6)?
5
Let m = 654 - 604. What is the remainder when 95 is divided by m?
45
Suppose 3*g + 9 = 246. Let i be 2 + -2 - (4 - 7). Suppose -i*c + 2*u = -52, 5*c + u = -u + 108. What is the remainder when g is divided by c?
19
Let i = 781 + -167. Calculate the remainder when i is divided by 123.
122
Suppose 5*h - 5*s = 2*h - 19, -3*s = h - 3. Let k(f) = f**2 + 2*f + 4. Let t be k(h). Let n(r) = -r + 13. What is the remainder when n(t) is divided by 1?
0
Let d = 9 - 19. Let j(r) = -r**2 - 13*r - 11. Let g = 103 - 29. What is the remainder when g is divided by j(d)?
17
Let g = 22 - 23. What is the remainder when 48 - (1 - g)*-2 is divided by 14?
10
Let w(d) = -d**3 - 8*d**2 - 3*d + 4. Let f be w(-7). Let c = 50 + f. What is the remainder when c is divided by 9?
8
Let u(c) = -c**3 + 18*c**2 + 19*c + 111. What is the remainder when u(19) is divided by 4?
3
Suppose -23*h - 6 + 29 = 0. Calculate the remainder when 8 is divided by h.
0
Let j = -223 - -308. Calculate the remainder when j is divided by 29.
27
Let b(i) = 5*i + 35. Let k(q) = -q - 7. Let v(x) = -2*b(x) - 11*k(x). What is the remainder when 4 + (1 - 0)*-2 is divided by v(-5)?
0
Let p = -18 - -22. Suppose b - i - 6 = -0*b, -p*i - 16 = -2*b. Let v(h) = -h**2 + 10*h + 3. What is the remainder when b is divided by v(10)?
1
Let m be (-1 - 0)/(3/(-15)). Let s be (6/m)/(4/2440). Calculate the remainder when 88 is divided by s/32 - 3/(-24).
19
Calculate the remainder when 1515 is divided by ((-2)/(-10))/(11/55)*37.
35
Suppose -117 = -19*x + 111. Suppose 4*m = x*m - 72. What is the remainder when m is divided by 9?
0
Let b(x) = 9*x**2 + 2*x + 45. What is the remainder when b(-4) is divided by 42?
13
Let l = -6 + 2. Let i(q) = 11*q - 105. What is the remainder when i(12) is divided by -4*(30/l)/5?
3
Let v be 1/3 - (-30)/18. Suppose d = 2*t + 50 + 6, v*t = 2*d - 110. Suppose -3*c + 9 = -d. Calculate the remainder when 61 is divided by c.
19
Let f = 12 + -1. Suppose y + 0*y = f. Calculate the remainder when 54 is divided by y.
10
Suppose 2*h - 78 = -2*i, -i - 2*h - 4 + 46 = 0. Calculate the remainder when i is divided by 18.
0
Let q = 2084 - 1293. What is the remainder when q is divided by 18?
17
Let i(u) = u**2 + 30*u + 34. Let h be i(-20). Let r = h + 313. What is the remainder when r is divided by 37?
36
Let s = 27 + -14. Calculate the remainder when 38 is divided by s.
12
Let i be 0*((-7)/2 + 4). What is the remainder when 138 is divided by (-3 - -38)*(1 - i)?
33
Let d(k) = 3*k + 29. Let o be d(-13). Let v(r) = -4*r - 12. What is the remainder when v(o) is divided by 15?
13
Suppose -198 + 28 = -5*o. Suppose 2*y = -s + o, y - s = -2*y + 56. What is the remainder when y is divided by 10?
8
Let w be (-2)/(-3)*(6 - 3). Let b be 3/(-12) + 6/(-8). Calculate the remainder when 53 is divided by (1 - w)*(b + -27).
25
Suppose 6*z - 1046 = -992. What is the remainder when 38 is divided by z?
2
Let n = 5 - -4. What is the remainder when 47 is divided by 1/(1 + n/(-10))?
7
Calculate the remainder when 134 is divided by (16/10)/(5/75).
14
Suppose 2*y - 5*d = -1, -3*d + 6 = 2*y - d. Suppose 4*r = 8, 159 = 4*u - y*r + 23. Calculate the remainder when u is divided by 27/(-6)*(-16)/6.
11
Let i(r) = r**3 - 10*r**2 + 13*r - 7. Let y be i(9). Suppose y*a - 24*a - 40 = 0. What is the remainder when a is divided by 4?
0
Let r = -19 - -21. Let c be (4/2)/((-2)/(-3)). Suppose -q + 5 = c. Calculate the remainder when r is divided by q.
0
Let z(y) = -3*y**3 - 2*y**2 - 3*y - 2. Let t be z(-1). Suppose t*x = i - 8 - 16, 0 = -5*i + 5*x + 135. Calculate the remainder when 84 is divided by i.
24
Suppose 0 = -10*i - 171 + 341. Suppose 3*l = -1 + 7. What is the remainder when i is divided by l/(-6) - 22/(-3)?
3
Suppose -2*g = -5*g. Suppose -3*s + 81 - 24 = g. Suppose -n = 3*n - 44. Calculate the remainder when s is divided by n.
8
Let r = 226 - 161. Calculate the remainder when r is divided by 8 - (-4 + (2 - 1)).
10
Let o(v) = -221*v - 16. What is the remainder when o(-4) is divided by 87?
85
Suppose -91 + 76 = -3*g, 4*g - 524 = -2*n. Calculate the remainder when n is divided by 51.
48
Let a(k) be the first derivative of k**3 + 2*k**2 - k - 3. Calculate the remainder when a(2) is divided by 5.
4
Suppose 0 = -3*i - 0*i - 42. Let l = i + 22. Let a = l + -6. What is the remainder when a is divided by 1?
0
Let z(o) = -13*o - 37. Calculate the remainder when z(-11) is divided by 37.
32
What is the remainder when 156 is divided by 25 + (-5 - 0)/((-80)/48)?
16
Suppose 0 = -3*n - 4*c - 70, -3*n - n - c = 115. Suppose 142 = 5*q + 2*z - 148, 0 = 2*z. Calculate the remainder when q is divided by (-2)/12*-4*(-675)/n.
13
Let s(d) = 3*d**2 + d. Calculate the remainder when 1 - (-48)/7 - (-1002)/(-1169) is divided by s(1).
3
Suppose -102 = -2*d + 2*x, x - 3*x + 2 = 0. What is the remainder when 124 is divided by d?
20
Suppose -4*i = -7 - 1. Suppose -i*v = -16 - 0. Suppose 4*g + 48 = 4*f, -3*f - 2*g = -v*f + 48. Calculate the remainder when f is divided by 5.
3
Let s(k) = 2*k + 22. Suppose 2*t - 18 = 2*u, 2*u + 5*t = -u - 3. Let h(v) = v**2 - 6*v - 7. Calculate the remainder when h(u) is divided by s(0).
21
Suppose 1786 = 14*g + 1660. What is the remainder when 43 is divided by g?
7
Let o = -84 - -1. Let y = 118 + o. Suppose -5*f = -2*q - 0*f + 61, 0 = 3*q - 3*f - 69. What is the remainder when y is divided by q?
17
Suppose 60*u - 57*u - 255 = 0. Calculate the remainder when u is divided by 26.
7
Let i(m) = 8*m - m**2 + 4 - 12 + 2*m**2 - 2. What is the remainder when i(5) is divided by 26?
3
Let c be -12*((-260)/(-16))/1. Let l be 4/(-6)*c/5. What is the remainder when (l - 1) + (2 - 5) is divided by 8?
6
Suppose 180 = 67*j - 31*j. Calculate the remainder when 40 is divided by j.
0
Suppose 0*m + 34 = m. Let f = -18 - -14. Calculate the remainder when m is divided by (-1245)/(-135) + f/18.
7
Suppose 86*g + i - 747 = 81*g, 3*i = -g + 141. Let r = -3 + 41. What is the remainder when g is divided by r?
36
Suppose 4 = 3*w - 4*w, 0 = 2*n - w - 44. Calculate the remainder when 49 is divided by n.
9
Let b be 49*-1 + 1/3*-3. Let s = b - -92. What is the remainder when s is divided by 5?
2
Let o be 7 + -6 + -2 + 1*6. What is the remainder when (-17688)/(-110) + 1/o is divided by 18?
17
Suppose 5*j + 13 = 38. Suppose 0*q - j*q + 190 = 0. What is the remainder when q is divided by 21?
17
Suppose -5*p - 122 = -4*d, 0 = 2*d + 4*p - 27 - 47. Let o be (-48)/(-28)*7/2. Let x = d + o. Calculate the remainder when x is divided by 10.
9
Let j(q) = 10*q + 13. Let u be j(-2). Let m(l) = -l**3 - 8*l**2 - 14*l - 29. What is the remainder when 54 is divided by m(u)?
14
Let d = 22 + -34. Let x = d - -15. Calculate the remainder when 7 is divided by x.
1
Let x = -181 + 100. Let o = x + 116. Suppose 8 = 2*z + m - 5*m, -4*m + 28 = z. What is the remainder when o is divided by z?
11
Suppose -5*a - 6 = 2*m, -5*m + 43 = 16*a - 18*a. Calculate the remainder when m is divided by 7.
0
Suppose -18 = -3*m + 297. Let t = -100 + m. Calculate the remainder when t is divided by 4.
1
Let x(n) = -4*n + 47. What is the remainder when x(9) is divided by 4?
3
What is the remainder when -20 - -16 - (-52)/3*3 is divided by 13?
9
Let l(i) = 25*i**3 - i. Let a be l(-1). Suppose 180 = -4*f + 8*f. Let x = f + a. What is the remainder when 61 is divided by x?
19
Calculate the remainder when 263 is divided by 2/9 - 3/(189/(-4018)).
7
Suppose -210*d + 343 = -2597. Let c(b) = 3*b**2 + 3*b. What is the remainder when d is divided by c(-2)?
2
Let u(b) = -b**2 - 7*b - 12. Let y be u(-4). Calculate the remainder when 32 is divided by 0 + (-1 - y) + 18.
15
Suppose -4*u - 13*j + 18*j = -315, 5*u = 3*j + 397. Calculate the remainder when u is divided by 40.
0
Let t(p) = 2*p**2 - 3*p. What is the remainder when t(4) is divided by 414/(-483) - 97/(-7)?
7
Let q(p) = 25 + 9 + 23*p - 17 + p**2. Suppose -x + u = 1, -2*x + 6 = 2*x - 2*u. What is the remainder when q(-23) is divided by x?
1
Let a be (-331)/(-2) - (4 - 28/8). Suppose -3*q + 4*r + 116 